7 - -696. Is x composite?
True
Suppose 6*w + 45 = w. Is (-2 - (-363)/w)*-3 composite?
False
Let t be 60/14 + 26/(-91). Let r(k) = 43*k - 9. Is r(t) a composite number?
False
Let n be -1*3*(-1)/1. Suppose a + n*a = 8. Suppose a*o - 209 = 3*x, 4*x - 32 = -2*o + 198. Is o prime?
True
Suppose g - 4*c - 917 = -2*g, 0 = g + c - 308. Is g composite?
False
Let u be 2/8 + (-85995)/(-36). Suppose -5*h = -q + 412, 2*h - 214 = 5*q - u. Is q a prime number?
False
Let o(n) = 618*n**2 + 2*n + 3. Is o(-2) prime?
False
Let s = 6 - 0. Suppose -4*d + 1 = -3, -d = 2*y + 13. Let n = s - y. Is n a composite number?
False
Let g be (2 - 0)/(2/5). Suppose -b - 2*p - 18 = -p, -g*b = p + 74. Is (-1 - 33)/(4/b) a composite number?
True
Let q be (2 - -2 - 3) + 343. Is 10/(-25) - q/(-10) composite?
True
Let r(v) = 11 - 4 - 2*v + 9*v**2 - 8. Is r(3) prime?
False
Suppose -26*v + 21*v + 2725 = 0. Is v prime?
False
Let h be ((-2)/2 - -1)/2. Let o = 6 - 3. Suppose 4*t - o*k - 271 = -8*k, h = 5*k + 5. Is t composite?
True
Let z(k) = -573*k - 10. Let m be z(-4). Suppose -7*n - m = -9*n. Is n composite?
True
Suppose 5*c + 3*g = 120, 0*c + g + 37 = 2*c. Is c a composite number?
True
Suppose 7*f - 2555 = 2*f. Is f prime?
False
Suppose -5*d + 2965 = -4*d. Is d a prime number?
False
Suppose 6*d = 3*d + 45. Suppose -3*p + 393 + d = 2*l, -p + 137 = l. Suppose -4*q - p = -6*q. Is q composite?
False
Let d(v) = -4*v**3 - 4*v**2 + 2*v + 5. Let g be d(-5). Let m = g - 262. Is m prime?
False
Suppose -y = 2*f - 2555, 5*f = 4*y + y + 6380. Is f prime?
True
Let p be (-7)/(-28) + 22/8. Suppose 0 = -3*n - p, 0*h - 2*h + 2*n = -54. Is h composite?
True
Suppose -3*g + 358 - 67 = 0. Is g a prime number?
True
Let h = -22 - -76. Suppose 0 = -5*f + 4*k + 477, -f - 107 = -2*f - 5*k. Let d = f - h. Is d prime?
True
Let x be 4/6*-3*1. Let u = 0 + x. Let a = 29 - u. Is a prime?
True
Let o(z) = -2*z**3 + z**2 + 3*z - 4. Let p be o(-5). Suppose 4*d + 2*k + 2*k = p, 2 = -2*k. Is d prime?
False
Suppose 3*l - 3*h + 19 = -4*h, -5*l - 21 = -h. Let w = -2 - l. Suppose w*x + 2*x = 565. Is x a composite number?
False
Suppose 0 = k + 2*k + 3*y - 372, -269 = -2*k + 5*y. Is k a composite number?
False
Let j be 95/2 - (-27)/(-18). Suppose -t + 2*l = -j - 12, -5*l + 174 = 3*t. Is t prime?
False
Let k = 765 - 388. Is k a prime number?
False
Suppose 239 = h - 2*m, -2*h + 0*m = 5*m - 478. Is h composite?
False
Let z(a) = 79*a - 1. Let v be z(5). Is 3/(-2) + v/4 a prime number?
True
Let r(j) = 11*j**3 + 6*j**2 + 3*j - 19. Is r(6) prime?
True
Let k(y) = -y**2 + 5*y - 2. Let w be k(4). Let m be w/(-8) + (-21)/12. Is m + 4 + -1 - -6 a composite number?
False
Suppose -u - u + 4 = -4*h, 4*h + 5*u + 32 = 0. Is 2/(-3) + (-107)/h a composite number?
True
Let k(n) = n. Let g be k(3). Suppose g*z = 393 + 54. Is z prime?
True
Let d(b) = -118*b - 3. Let a(r) = -1. Let u(x) = -4*a(x) + d(x). Let m(v) = -v**2 + v - 1. Let y be m(0). Is u(y) composite?
True
Suppose f + 1 + 5 = 0. Let t = f - -8. Suppose 0 = 2*p - 0 - t, 5*s = 3*p + 72. Is s prime?
False
Is 2/(1 - -1 - (-1800)/(-902)) prime?
False
Let t be 46*((-26)/4 - -3). Let r = t + 274. Is r composite?
False
Let s(b) = -b + 7. Suppose -2 = 2*u + 10. Is s(u) a prime number?
True
Suppose 2*i - 349 = 223. Let m = i + -95. Is m a composite number?
False
Suppose -3*u + 34 + 86 = 0. Suppose -5*s = -5, -u = t - 5*s - 192. Suppose -14 = -g + 3*z + 13, -4*z - t = -5*g. Is g composite?
True
Let g(x) = -36*x + 29. Is g(-8) composite?
False
Let s be (-10)/(-4) + 1/(-2). Let r(f) = 2*f**2 - f - 5. Let x(d) = 6*d**2 - 3*d - 14. Let u(k) = -17*r(k) + 6*x(k). Is u(s) prime?
True
Let c = -203 + 361. Is c a composite number?
True
Is ((-26)/(-4))/((-10)/(-140)) a prime number?
False
Let m(x) = 75*x**2 + x + 7. Is m(-3) a prime number?
False
Let n(o) = -5*o**3 + o**2 + o. Let q be n(-1). Suppose 0*s - 335 = -q*s. Is s composite?
False
Let k = 17 + -15. Let f(q) = 207*q - 3. Is f(k) prime?
False
Suppose -4*b = -4*l - 3428, 0 = 2*b - b - 4*l - 869. Is b prime?
True
Let p(t) = -2*t - 14. Let x be p(-5). Is ((-2)/(-3))/(x/(-2262)) a prime number?
False
Suppose -5*t + 13 = z - 15, t = 4*z - 7. Suppose -t*r - 157 = -6*r. Is r a composite number?
False
Let u(h) = h - 2. Let o be u(4). Suppose -o*r + 64 = -2*t, -2*r - 159 = -7*r + 4*t. Is r a prime number?
True
Let r be (-1 - 0)/((-2)/(-28)). Let d be r/6 - 1/(-3). Is (d/6)/((-1)/93) a prime number?
True
Let v = -5 - -9. Let r = v - 1. Suppose r*k + p = -2*p + 225, 16 = 4*p. Is k composite?
False
Let o = -1558 - -2469. Is o a prime number?
True
Suppose -m - 4*v = -2*v - 103, 0 = -3*m - v + 299. Suppose 2*y = m - 3. Let q = y + 37. Is q a composite number?
True
Let l = -102 + 173. Suppose -3*o = 4*m - 148, -4*o + 3*o = -4. Let f = l - m. Is f prime?
True
Let h(j) = -2*j**3 + 10*j**2 - 10*j + 8. Let a be h(6). Let q be (-354)/(-2) - (0 - 2). Let g = a + q. Is g a prime number?
False
Let q(o) = 15*o**2 + 3*o - 5. Let p be q(5). Let s = -146 + p. Is s composite?
False
Let u = 185 + -132. Let f = -2 + 6. Is f + u - (-4)/2 prime?
True
Suppose 9 = -6*i + 27. Is -1 + -3 + 885/i composite?
True
Suppose -12 = -2*m + 4. Let y = 15 - m. Is y a prime number?
True
Suppose 0*f + 206 = 2*f - 4*n, 0 = -f - 4*n + 121. Is f prime?
True
Suppose 0 = -5*r - 2*j - 2*j + 214, -r + 4*j = -62. Is r a composite number?
True
Let b = -204 + 511. Is b a prime number?
True
Let p(j) = j + 11. Let v = 26 - 7. Suppose v = 3*i - 14. Is p(i) a composite number?
True
Let q = 4375 - 3116. Is q composite?
False
Suppose 2*x - 5*y = 404 + 131, 0 = x - 5*y - 270. Suppose 0*k + x = 5*k. Is k composite?
False
Suppose l + 2 = 0, -3*m + 3*l = 5*l + 28. Let h = 13 + m. Suppose 0 = h*n - 45 - 60. Is n composite?
True
Suppose 4*w - 1531 = -71. Is w prime?
False
Let h = -229 + 386. Is h composite?
False
Is 4/24*5446 + (-2)/3 prime?
True
Let z be 4/(-1)*18/(-12). Is (-6)/4*(-316)/z a prime number?
True
Suppose -2*p - p = 222. Let d = p - -138. Suppose 0 = a - 4*o - 67 - 22, d = a + o. Is a composite?
True
Suppose -9*c = -6*c - 651. Let x = c - 104. Is x a composite number?
False
Let p = -5 - -1. Let f be (-6)/p*368/(-6). Is 1/((10/f)/(-5)) a composite number?
True
Let t(l) = -7*l**3 - 5*l**2 - 4*l + 4. Let j be t(-4). Suppose 6*a = 2*a + j. Is a composite?
False
Let s(i) = -i**2 + 7*i - 13. Let a be s(8). Let p = a - -308. Is p a prime number?
False
Let m(i) be the second derivative of 17*i**5/20 - i**4/4 + i**3/2 - 3*i**2/2 - 3*i. Suppose 0 = 4*r - 0*r - 8. Is m(r) a composite number?
False
Let z = -2904 + 4797. Is z a prime number?
False
Let c = 187 + -116. Is c composite?
False
Let w(m) = 6*m**2 - 13*m + 47. Is w(12) a prime number?
False
Let f(c) = -5*c**3 + 11*c**2 + 5*c - 12. Let v = 12 + -21. Let p be f(v). Is p/15 - (-4)/10 prime?
False
Let k(f) = -16*f**3 - f**2 - f + 1. Is k(-2) composite?
False
Suppose 4*p = -4*b + 4476, -2*b + 2214 = -7*p + 3*p. Is b prime?
False
Let d(k) = -k + 2. Let t be d(-3). Suppose 5*c - 2*l = 80, 60 = t*c - 0*c + 2*l. Is c a composite number?
True
Let x be 65/10*(-1 + 11). Suppose 3*r - 4*r + x = 0. Is r a composite number?
True
Let u(c) = c**3 - 5*c**2 - 7*c + 9. Let h be u(6). Suppose 0*s + h*s = 51. Let f = s + 2. Is f composite?
False
Let j(a) = -a**3 - 6*a**2 + a + 2. Let s be j(-6). Let d = s + 6. Suppose d*i + 2*i = -2*o + 228, 0 = -i + 2*o + 47. Is i a prime number?
False
Let d = 13 + -5. Let y(f) = f**3 - 2*f**2 - 2*f + 15. Let i(c) = -c**3 + 3*c**2 + 3*c - 14. Let w(l) = 6*i(l) + 5*y(l). Is w(d) a composite number?
True
Suppose f - 4 = -2. Suppose -3*q = -2*t - f*t - 587, -t - 3*q - 143 = 0. Let g = 3 - t. Is g a prime number?
True
Suppose 0*k + 5*k = 0. Let n = -5 - k. Let c = n - -154. Is c a prime number?
True
Is (1/(-2)*-3)/(54/9468) composite?
False
Suppose 0 = -3*g - 2*o + 17, -1 - 11 = -3*g + 3*o. Suppose 0 = g*j + 3*n - 407, 2*n - 91 = -j - n. Is j a composite number?
False
Let f(r) = 70*r**2. Let h be f(1). Let w = h - 39. Is w a composite number?
False
Let b(k) = 4*k + 9. Let d be b(11). Let v = 74 + d. Is v a prime number?
True
Let w = -262 + 684. Is w/((-1 + 0)*-2) a prime number?
True
Suppose 9*q + 98 - 296 = 0. Let k(h) = 4*h**2 + h. Let i be k(-1). Suppose 0 = 3*y - 2*f - i*f - 23, 3*y - q = 4*f. Is y prime?
False
Let i = 17 + -12. Suppose j - 161 